 the prime factors of k.
2, 3, 199
What are the prime factors of -55*4630/20*-2?
5, 11, 463
Suppose 5*a - 19 - 1 = 0. Suppose -5*o = a*t - 25, -4*t = -9*t + o + 24. Suppose 2*b - 71 = -4*p + 19, -t*p = -2*b + 81. What are the prime factors of b?
43
Let n(j) = 0*j + 5 + 7*j + 15*j**3 - 14*j**3 - 2 + 12*j**2. List the prime factors of n(-6).
3, 59
Let q be -6*10*(-18)/135. Let z(v) = 112*v - 196. What are the prime factors of z(q)?
2, 5, 7
Let g = -163 + 4138. What are the prime factors of g?
3, 5, 53
List the prime factors of ((-1)/(-3))/((-925)/(-370)) + (-1599896)/(-30).
2, 5, 5333
Let h = 101 - 94. Suppose 0 = h*s - 16*s + 585. What are the prime factors of s?
5, 13
Let r be (-15885)/(-21) - -1 - (-84)/(-196). Suppose 0 = 5*i - r - 4498. What are the prime factors of i?
1051
Suppose -4*l + 328 + 248 = 0. Let o = 93 - l. List the prime factors of (o - -1)*3*(-4)/6.
2, 5
Let h(c) be the first derivative of -2*c**3/3 + c**2/2 + 2*c - 22. Let r be h(-4). Let o = 208 + r. What are the prime factors of o?
2, 3, 29
Let l(n) = 38*n**2 - 9*n - 32. Let q(v) = 2*v**2 + 2*v + 1. Let d(a) = l(a) + 6*q(a). What are the prime factors of d(4)?
2, 3, 131
Let v(d) = -10*d**3 + 12*d**2 - 19*d - 116. What are the prime factors of v(-10)?
2, 3, 1879
Let i(u) = 611*u**3 + 6*u**2 - 9*u + 7. What are the prime factors of i(2)?
13, 29
Let a(g) = -55*g + 89*g - 60*g + 127 - 14*g. What are the prime factors of a(-14)?
3, 229
Let y(i) = 18*i**2 + 3*i + 1. Let l(c) = -c**3 - c**2 + 123. Let p be l(0). Let s = 126 - p. What are the prime factors of y(s)?
2, 43
Suppose 63*l - 15*l = 132480. List the prime factors of l.
2, 3, 5, 23
Let q(k) = 92*k**2 - 11*k - 36. Let h(o) = -2*o**2 + 3*o - 1. Let m be h(2). What are the prime factors of q(m)?
3, 5, 11
Suppose -121*h + 2*l + 201446 = -116*h, -h - l + 40278 = 0. What are the prime factors of h?
2, 20143
What are the prime factors of 11 + 26264/14 + -7?
2, 5, 47
Suppose q = -u + 3*u + 1744, -4*u - 3482 = q. Let c = 1755 + u. What are the prime factors of c?
2, 13, 17
Let q = -946 + 446. Let v be 7/2*q/(-175). Suppose -2*t + u + 15 = -4*u, 0 = -t + 2*u + v. What are the prime factors of t?
2, 5
Let z = -15583 - -24761. List the prime factors of z.
2, 13, 353
Suppose 24340 = 2*f - 2*d, 4*d - 12160 = -f + 3*d. What are the prime factors of f/25 + (-17)/(-5) + -3?
487
Suppose 560 = -24*j - 11*j. List the prime factors of ((-2920)/j)/(5/40).
2, 5, 73
Suppose -2*i = 3*i - 235. Suppose x = -i + 132. Let w = 173 - x. What are the prime factors of w?
2, 11
Let j be (-4 - 1*(2 - 5))*-3. Suppose -316 = -j*v + 368. What are the prime factors of v?
2, 3, 19
Let b = -134 - -86. Let r = -248 - -216. Let n = r - b. List the prime factors of n.
2
Let n(l) = 43*l + 7. Let g be n(-8). List the prime factors of (-2 - 1 - g) + -2.
2, 83
Suppose -2*m - 100593 = -46*p + 41*p, 80478 = 4*p + 2*m. List the prime factors of p.
11, 31, 59
Let l be 45/10 + (-24756)/(-8). Suppose 4*a - 1569 = -u, -l = -2*u + 11*a - 6*a. List the prime factors of u.
3, 173
Let r = 3718 - 1570. Suppose 4*u - 3*w = 1707, -r = 6*u - 11*u - w. List the prime factors of u.
3, 11, 13
Let b(g) = -24*g + 6. Let c be b(-11). Let v = c - -111. What are the prime factors of v?
3, 127
Let w(v) = 4*v**2 + 30*v + 214. List the prime factors of w(-14).
2, 17
Let k = 106 + -47. Suppose 0 = -f - 5*j + k, -7*f - 83 = -8*f + j. List the prime factors of f.
79
Suppose -2*u - 73 + 1081 = 0. Suppose -z = -4*f + u, 126 = f - 3*z - z. Let n = f + -82. List the prime factors of n.
2, 11
Let n = -6640 + 16795. What are the prime factors of n?
3, 5, 677
Suppose 2*x - 3 = 3*h, -h = -5*x - 11 - 1. List the prime factors of (-16 - (x + -7))*(-329)/2.
3, 7, 47
Let w(x) = 4*x - 534. Let k(m) = -1. Let l(z) = -3*k(z) - w(z). List the prime factors of l(0).
3, 179
Suppose 18*z - 125888 = -4*a + 22*z, -5*a - z + 157360 = 0. What are the prime factors of a?
2, 7, 281
Let b(u) = 155*u**2 - 67*u + 373. What are the prime factors of b(6)?
7, 13, 61
Let o be ((-198)/27)/((-12)/18). Suppose 812 = o*j - 750. List the prime factors of j.
2, 71
Let y(r) = -7*r**3 - 4*r**2 + 13*r - 8. Let l(k) = k**3 + k**2 - 2*k - 1. Let j(u) = 4*l(u) + y(u). What are the prime factors of j(-7)?
2, 491
Let k = 51 + -44. Let n be -2 + k + 2 - (2 + 0). Suppose n*z - z - 3*s = 486, 500 = 4*z + 4*s. List the prime factors of z.
3, 41
Suppose 0 = 5*i - 5*y - 15, y - 1 = -2*i + 5. Suppose -i*o = -7*o + 1040. Let m = -150 + o. What are the prime factors of m?
2, 5, 11
Suppose 5*g - 2*m - 94889 = 0, -253*g = -251*g + 4*m - 37922. What are the prime factors of g?
3, 5, 11, 23
Let w(u) = -48*u - 18. Let r be w(-14). Suppose -r*j + 3882 = -651*j. What are the prime factors of j?
2, 647
Let i = 37 - 31. Suppose 4*k - i*k + 4 = 0. Suppose -5*r + 555 = 5*l, -3*l - 4*r + 126 = -k*l. What are the prime factors of l?
2, 53
Let b = -43 + 37. Let w = -47 + 86. Let a = w + b. List the prime factors of a.
3, 11
Let p(y) = y**2 - 18*y - 11. Let m be p(16). Let n = m + 40. What are the prime factors of 1645/15 + n/(-9)?
2, 5, 11
Let y(l) = 9*l**2 + 45*l - 10. Let p(i) = -47*i**2 - 223*i + 52. Let c(b) = 2*p(b) + 11*y(b). List the prime factors of c(-22).
2, 167
Let d = 30465 + -14008. List the prime factors of d.
7, 2351
Suppose 17*l - 8787 = 38898. List the prime factors of l.
3, 5, 11, 17
Let u(k) = -7*k - 27. Let s(n) = 0 - 6*n + 19 + 16*n - 7*n. Let f be s(-9). List the prime factors of u(f).
29
Let w = -275 - -280. Let k(j) = -j**3 + 6*j**2 + 21. What are the prime factors of k(w)?
2, 23
Let f be (-8 + (-342)/(-27))/(2/(-6)). What are the prime factors of 232/f*(-378)/108?
2, 29
Suppose -2448*c - 39099 = -2456*c - 2011. What are the prime factors of c?
2, 19, 61
Let f(t) = -t**2 - 7*t + 37. Let l be f(-8). Suppose -l*n + 16*n + 17628 = 0. What are the prime factors of n?
2, 3, 113
Suppose 4*h + 2 = 2*r - 26, 3*h = -5*r + 83. Suppose -11*t + r*t = 15. Suppose 9 = t*a, 5*b + a - 579 = -116. List the prime factors of b.
2, 23
Suppose 3*p - 2*l + 652 = 5*p, 0 = 4*l - 16. Let t = p + 1076. List the prime factors of t.
2, 3, 233
List the prime factors of ((-1383600)/(-14))/5 + -3 + (-24)/(-84).
19763
Let w(s) = -3*s**2 + 12*s + 4*s**2 + 21 - 19*s - 5*s. Let q be w(10). Suppose 0 = -2*y + q + 9. What are the prime factors of y?
5
Let i be 85 - (6 + (-2 - 1)). Let l = -71 + i. Suppose -p = -30 - l. What are the prime factors of p?
41
Let h(j) = 4*j**2 - 10*j + 50. Let c be h(-8). Suppose -g + 3*q + c = 0, 3*q + 1577 = 4*g + 2*q. List the prime factors of g.
5, 79
Let d(s) = s**2 - 10*s - 8. Let m be 12/(-10)*(-30)/4. Let z be d(m). Let o(q) = 2*q + 40. What are the prime factors of o(z)?
2, 3
Let u = -535 + 3148. List the prime factors of u.
3, 13, 67
Suppose 5*b + 16185 = 44750. What are the prime factors of b?
29, 197
Suppose 140*p - 36 = 131*p. Let c(s) = 107*s**2 - 5*s + 38. List the prime factors of c(p).
2, 5, 173
Let r(z) = 2913*z - 2218. What are the prime factors of r(5)?
12347
Suppose 5*g = 2*l + 1508 + 972, g - 484 = -2*l. What are the prime factors of 3 + g - (-6)/1?
503
Suppose 3*d = -6, -3*d + 91493 = 5*n - 3466. List the prime factors of n.
3, 13, 487
Suppose 0 = -5*f + 3*f + 4. Suppose 4*y - 427 = -3*w, -f*y + 0*w = -5*w - 181. Let m = -73 + y. What are the prime factors of m?
2, 3, 5
List the prime factors of ((-358949)/186)/(1/(-6)).
11579
Suppose 0*r - 6 = -3*r. Let c be (-2 - 2) + 8 + r. Let y(n) = n**3 - 6*n**2 + 5*n + 3. What are the prime factors of y(c)?
3, 11
Let x be 9/2*(-1)/(2/44). Let r = 159 + x. Suppose -r = -16*g + 52. What are the prime factors of g?
7
Let v be 60/(-8) + 3/(-6). Let x(i) = -i - 41. Let p be x(0). Let n = v - p. What are the prime factors of n?
3, 11
Suppose 4*a + 158441 = w + 14*w, -a + 1 = 0. What are the prime factors of w?
3, 7, 503
Let g(u) = u**3 + 4*u**2 + 19*u - 5. Let f be g(-10). Let d = f + 1403. List the prime factors of d.
2, 19
Let j be (-10*(-6)/150)/(2/1740). Suppose j - 131 = f. What are the prime factors of f?
7, 31
Let i be 291/(-9)*(-6 - 12/(-4)). Suppose r = -i + 362. List the prime factors of r.
5, 53
Let x be -2 + 3 - (-1 + 207)/(-2). Let p = x + -95. Suppose 0 = -p*s + 6*s + 576. What are the prime factors of s?
2, 3
Suppose -37*h + 243890 = -183941. List the prime factors of h.
31